6 and b.
6
Let h be 15 - 9*14/21. Calculate the highest common divisor of h and 99.
9
Let z = 32 - -19. Let t = 54 - z. What is the highest common factor of t and 9?
3
Let b be 3 + (1 - 1 - -2). Let d(y) = -5*y - 35. Let n be d(-8). Suppose -4*l = -3*g - 13, -11 = n*g - b*l + l. What is the highest common factor of 8 and g?
1
Let c(n) be the first derivative of 2*n**3/3 + n**2 + 4*n + 44. Let w be c(6). What is the greatest common divisor of w and 11?
11
Let i = -885 + 1029. What is the greatest common factor of i and 48?
48
Let t = 30 - 14. What is the highest common factor of t and 848?
16
Let l(q) = q**2 - 23*q + 185. Let d be l(25). What is the highest common divisor of 376 and d?
47
Suppose -5*c = -11*c + 504. What is the highest common factor of 36 and c?
12
Let h = -544 + 570. What is the highest common divisor of h and 91?
13
Let a be -1*63*(-8 + -10). Calculate the highest common factor of a and 42.
42
Suppose -4*j + 54 = -5*j. Let r = 70 + j. What is the greatest common factor of r and 64?
16
Let w(j) = j**3 + 8*j**2 + 5*j + 30. Let g be w(-7). What is the highest common divisor of 1012 and g?
44
Suppose 4 = -4*v, -j - 95 = 4*v - 103. Suppose 0 = -2*r + y + y + 2, -4*r + 10 = -2*y. Suppose -r*k + 85 = -35. What is the highest common divisor of j and k?
6
Suppose 0 = -3*t + 119 - 38. Let u be (4/6)/((-6)/(-27)). Calculate the highest common factor of t and u.
3
Suppose -3*u - 3*c + 48 = 2*c, 5*u - c - 108 = 0. Let x be -3*(-3)/(-36) + (-4615)/20. Let z be 4/(-2)*x/66. Calculate the greatest common divisor of u and z.
7
Let k be (-1175)/(-30) + 3/(-18). Suppose 3*g - k = -0*g. What is the greatest common divisor of 13 and g?
13
Suppose 10 = -3*k + 46. Suppose 4*p - 3*w - 47 = -19, -4*p - 5*w - 4 = 0. Calculate the highest common divisor of p and k.
4
Let l(c) = -4*c**2 + 1. Let m be l(-1). Let j = 44 + m. What is the greatest common factor of 451 and j?
41
Suppose 0 = -2*p + 7 + 1. Suppose -p*f = -2*i + 4, 0 = 3*i + f - 2*f - 16. Let o = -55 + 64. What is the greatest common divisor of i and o?
3
Let i = -207 - -529. What is the greatest common divisor of i and 138?
46
Let p be (-2 + (-814)/(-4))/((-3)/(-6)). Calculate the highest common factor of p and 13.
13
Let f = -35 - -236. Calculate the highest common divisor of 335 and f.
67
Let r be 15/(-9)*(-28 - -22). What is the greatest common factor of 5 and r?
5
Suppose l - 2*m - 2 = -0*l, 35 = -5*l + m. Let s be (-9)/((-36)/l) + 10. What is the highest common divisor of 12 and s?
4
Suppose -k + 0*k + 26 = 0. Let w = k - 31. Let h = w - -35. Calculate the highest common factor of 6 and h.
6
Suppose 0 = -2*r + 2*n + 976, 3*n + 668 = 4*r - 1280. What is the greatest common divisor of r and 110?
22
Let h = -11 + 16. Let j be 8/20 - (-43)/h. What is the greatest common divisor of j and 81?
9
Let w(h) = 2*h**2 - 55*h - 12. Let g be w(28). What is the highest common divisor of g and 4?
4
Let t(j) = -17*j + 574. Let w be t(30). What is the greatest common factor of w and 2048?
64
Suppose 3*m - 17 = -2*d, -19 = -2*m - m - 4*d. Suppose g = -2*b - 2*g + 48, -10 = -m*g. Calculate the highest common divisor of b and 3.
3
Let y = 67 + -136. Let t = y + 133. Calculate the highest common factor of t and 16.
16
Suppose 15*f - 7*f - 720 = 0. Let k be 5/((15/(-6))/(-5)). Calculate the highest common factor of k and f.
10
Suppose q + 143 = -2*o - 3*o, -o = 5*q + 19. Let x = 82 + o. Let f = -30 + x. What is the greatest common factor of 161 and f?
23
Let b(l) = 4*l + 10. Let x be b(6). Suppose -s - 4*s = 4*z - x, 20 = 4*s + 5*z. What is the highest common divisor of s and 15?
5
Let b = 310 + 23. What is the greatest common divisor of b and 74?
37
Let w = 944 + -932. What is the greatest common divisor of w and 22?
2
Let b be ((-36)/(-14))/(9/42). Suppose 31*i = -56*i + 7308. What is the highest common factor of b and i?
12
Let n be 0*(30/8 - 4). Suppose -k - 4 + 10 = n. What is the highest common factor of k and 4?
2
Let d(a) = -a**3 - 2*a**2 + 7*a - 104. Let w be d(-7). Calculate the highest common divisor of w and 1748.
92
Suppose -69 = -6*f - 15. Suppose -7*j - f = -10*j. Let g be 1/(-8)*-6*12. What is the highest common divisor of g and j?
3
Suppose m - 35 + 11 = 0. Let w be -84 + (3 - 0/(-1)). Let k = -45 - w. What is the highest common divisor of m and k?
12
Let j = -15 - -26. Suppose j*m + 16 = 15*m. What is the greatest common factor of 12 and m?
4
Let d = 0 - -4. Suppose -d*h - 3 = o + 18, -4*o - 4 = -4*h. Let s be o/(3/(-1 + -14)). What is the greatest common factor of s and 5?
5
Suppose 3*k = 5*t - 60, 3*k - 39 = -2*t + 6. Let q = t + 9. Suppose 0 = y + 2*l - 12, 0*l - 32 = -3*y - 4*l. Calculate the highest common divisor of y and q.
8
Let w = -229 + 269. What is the highest common factor of w and 40?
40
Let x(a) = a**2 + 28*a + 46. Let r be x(0). What is the greatest common divisor of 759 and r?
23
Let f(o) = -o**3 - 9*o**2 - 11*o - 11. Let b(w) = -w**2 + 26*w - 8. Let i be b(26). Let q be f(i). What is the greatest common factor of q and 104?
13
Let s be ((-4335)/(-340) - (-3)/(-4))/2. What is the highest common factor of 6 and s?
6
Let f = 183 + -138. What is the highest common factor of 825 and f?
15
Let c(b) = b**2 + 9*b - 50. Let u be c(-13). Let r be 56/(-3)*(-15)/u. Calculate the greatest common factor of 28 and r.
28
Suppose -2*x - 8*k = -3*k - 175, -5*x + 3*k = -360. Calculate the greatest common divisor of x and 465.
15
Suppose 0*v - 440 = -4*v. Suppose -22*c - 176 = -30*c. Calculate the highest common divisor of c and v.
22
Suppose 0*c - 4*c - 2*v + 84 = 0, -2*v = 8. Let h be 5/(-6) - (-16211)/78. Calculate the highest common factor of h and c.
23
Let a(p) = 149*p + 74. Let h be a(6). Calculate the highest common divisor of h and 16.
8
Suppose -7*q = -17*q + 410. Let g = 89 - q. What is the highest common divisor of g and 16?
16
Suppose 0*z - 2*z = -216. Let q = 130 - z. Calculate the greatest common divisor of 33 and q.
11
Let q = 27 - 27. Suppose q = 3*o - 28 - 29. Calculate the highest common factor of 19 and o.
19
Suppose -3*v = -6*v - v. Suppose v*h - 16 = -4*h. Let x be -8 + 5 - (-7 - 0). Calculate the highest common factor of h and x.
4
Suppose -3360 = -37*l + 5446. What is the greatest common divisor of l and 170?
34
Let g = -138 + 184. What is the greatest common divisor of 368 and g?
46
Suppose 4*q - 103 = -z, -5*q + 4*z = -81 - 32. What is the highest common divisor of q and 425?
25
Let g(b) be the third derivative of b**4/24 + 23*b**3/6 + 4*b**2. Let m be g(11). What is the highest common factor of m and 34?
34
Let l(q) = -7*q - 55. Let p be l(-9). What is the highest common divisor of 344 and p?
8
Suppose -25 = 5*n + 5*i, 0*i - i + 10 = -2*n. Let y = n - 1. Let v be ((-4)/y)/(1/45). What is the highest common factor of v and 15?
15
Suppose 0 = -0*z + z - 7. Let a = -16 + z. Let r be ((-30)/(-8))/(a/(-48)). Calculate the highest common divisor of 50 and r.
10
Suppose 0 = -88*y + 63*y + 150. What is the highest common divisor of 4 and y?
2
Let n(s) = 2*s**3 - 3*s**2 + 2*s - 4. Suppose -5*l + 1 = 4*b, -b = 3*l - 1 + 6. Let c be n(b). Calculate the greatest common divisor of 56 and c.
28
Suppose 17*i = 62*i - 33*i - 348. Let s = 4 - 2. Suppose -s*m + 84 = j - m, 3*j + m = 258. Calculate the highest common divisor of j and i.
29
Let x be 129/6 - 6/(-12). Let r = -14 + x. What is the highest common factor of 32 and r?
8
Let s be -1*((-55)/(-3))/(2/(-36)). Calculate the highest common divisor of s and 66.
66
Suppose -5*b + b - 4*d = 240, 5*b + d = -296. Let f = b - -140. What is the greatest common factor of f and 27?
27
Let t be (-2)/9 - 1540/(-126). Suppose v - 5*v + 53 = 3*s, 2*s - 2*v = t. Calculate the highest common factor of 99 and s.
11
Let c be (55 - (1 + 0)) + (-4 - -2). Suppose 0 = 3*n + 7 - c. What is the greatest common divisor of 255 and n?
15
Suppose -4*m - 4*i = -904, 0 = 48*m - 44*m + i - 898. What is the greatest common factor of 128 and m?
32
Let o be -3 - (-3 - (-4)/(-1)). Suppose 5*l - 21 = -o*t + 30, -2*t = 2. What is the greatest common factor of 55 and l?
11
Suppose -2351 = -a - 2259. Calculate the greatest common factor of a and 207.
23
Suppose 0 = 4*h - 2 - 18. Suppose 46 = -h*i + 16. Let p(q) = q**2 - 2*q - 8. Let n be p(i). Calculate the greatest